What are the prime factors of 245202463?
11, 137, 162709
What are the prime factors of 10796404?
2, 2699101
What are the prime factors of 42932910?
2, 3, 5, 1431097
What are the prime factors of 857129000?
2, 5, 7, 13, 9419
List the prime factors of 2381638202.
2, 1277, 932513
What are the prime factors of 6772140133?
11, 43, 2539, 5639
List the prime factors of 266441354.
2, 433, 307669
What are the prime factors of 149428982?
2, 383, 195077
List the prime factors of 385774054.
2, 192887027
List the prime factors of 1876182473.
11, 23, 7415741
List the prime factors of 516152245.
5, 7, 14747207
What are the prime factors of 1166063244?
2, 3, 97171937
List the prime factors of 97509877.
53, 1839809
What are the prime factors of 284834119?
587, 641, 757
What are the prime factors of 9618330115?
5, 21499, 89477
What are the prime factors of 6643621874?
2, 61, 179, 304223
What are the prime factors of 44424140?
2, 5, 487, 4561
What are the prime factors of 2977598992?
2, 67, 977, 2843
List the prime factors of 3896846774.
2, 61, 1171, 27277
List the prime factors of 4897669.
7, 457, 1531
List the prime factors of 1373300891.
6277, 218783
List the prime factors of 2654139561.
3, 773, 1144519
List the prime factors of 11359398.
2, 3, 607, 3119
List the prime factors of 43281821.
11, 107, 3343
What are the prime factors of 236876987?
236876987
What are the prime factors of 2417422161?
3, 7, 11, 10465031
List the prime factors of 3006463892.
2, 173, 4344601
List the prime factors of 589764979.
71, 349, 23801
What are the prime factors of 1142390604?
2, 3, 7459, 12763
What are the prime factors of 11850036?
2, 3, 11, 107, 839
List the prime factors of 18341722.
2, 7, 1310123
List the prime factors of 1754041934.
2, 2467, 355501
What are the prime factors of 342625852?
2, 85656463
What are the prime factors of 121588222?
2, 7, 8684873
What are the prime factors of 61117364?
2, 7, 11, 61, 3253
What are the prime factors of 731233588?
2, 182808397
What are the prime factors of 59169557?
59169557
What are the prime factors of 124237974?
2, 3, 7, 397, 7451
What are the prime factors of 430321136?
2, 7, 17, 83, 389
List the prime factors of 136136788.
2, 29, 1173593
What are the prime factors of 91860925?
5, 13, 53, 5333
List the prime factors of 100170552.
2, 3, 4173773
List the prime factors of 1858360212.
2, 3, 409, 42071
List the prime factors of 2366431352.
2, 295803919
List the prime factors of 5142732340.
2, 5, 223, 433, 2663
List the prime factors of 29536420.
2, 5, 229, 6449
List the prime factors of 44623302.
2, 3, 7437217
List the prime factors of 472027609.
89, 137, 38713
What are the prime factors of 163588209?
3, 31, 197, 8929
What are the prime factors of 1052771913?
3, 53, 2207069
List the prime factors of 292296322.
2, 2381, 61381
What are the prime factors of 1463449523?
1463449523
List the prime factors of 799272504.
2, 3, 31, 113, 3169
What are the prime factors of 67658596?
2, 3329, 5081
What are the prime factors of 2691263622?
2, 3, 8123, 55219
List the prime factors of 97284713.
97284713
List the prime factors of 1248740498.
2, 624370249
What are the prime factors of 1385629882?
2, 7, 13, 1861, 4091
List the prime factors of 3540585909.
3, 7, 191, 882719
What are the prime factors of 2437388368?
2, 6011, 25343
What are the prime factors of 31769401?
2447, 12983
What are the prime factors of 945540149?
19, 49765271
What are the prime factors of 205949975?
5, 7, 11, 83, 1289
List the prime factors of 305445690.
2, 3, 5, 11, 29, 10639
What are the prime factors of 39701062?
2, 577, 34403
What are the prime factors of 388354425?
3, 5, 23, 225133
List the prime factors of 8300011.
317, 26183
What are the prime factors of 77528214?
2, 3, 461, 9343
List the prime factors of 14662769.
11, 1332979
List the prime factors of 18894115.
5, 3778823
List the prime factors of 8990628.
2, 3, 749219
List the prime factors of 872571251.
872571251
List the prime factors of 204106401.
3, 22678489
List the prime factors of 189047248.
2, 13, 908881
What are the prime factors of 149974379?
1523, 98473
What are the prime factors of 42855418?
2, 21427709
What are the prime factors of 3603159314?
2, 53, 83, 409543
List the prime factors of 2834124.
2, 3, 59, 4003
What are the prime factors of 113173374?
2, 3, 31, 608459
What are the prime factors of 421314972?
2, 3, 13, 83, 2503
What are the prime factors of 304087632?
2, 3, 73, 86783
List the prime factors of 5590464128.
2, 3701, 11801
List the prime factors of 44574591.
3, 61, 243577
What are the prime factors of 2060810888?
2, 157, 1640773
What are the prime factors of 67766561?
431, 157231
What are the prime factors of 4234764796?
2, 31, 197, 173357
What are the prime factors of 2006003285?
5, 11, 13, 37, 191, 397
List the prime factors of 24830813.
7, 3547259
What are the prime factors of 321378933?
3, 107126311
List the prime factors of 1717970516.
2, 353, 1216693
List the prime factors of 70818606.
2, 3, 3934367
List the prime factors of 23096024.
2, 7, 229, 1801
What are the prime factors of 463553911?
113, 4102247
What are the prime factors of 855330093?
3, 239, 397643
What are the prime factors of 6576733?
109, 60337
List the prime factors of 495318552.
2, 3, 4519, 4567
List the prime factors of 1469767416.
2, 3, 13, 271, 17383
List the prime factors of 590212508.
2, 199, 741473
What are the prime factors of 960515781?
3, 107, 2992261
List the prime factors of 1418205316.
2, 11, 32231939
List the prime factors of 50628522.
2, 3, 7, 41, 29401
What are the prime factors of 6865712695?
5, 307, 4472777
List the prime factors of 397309685.
5, 5479, 14503
List the prime factors of 40290602.
2, 11, 19, 113, 853
What are the prime factors of 4574603476?
2, 19, 163, 179, 2063
List the prime factors of 11511382.
2, 5755691
What are the prime factors of 174757670?
2, 5, 17475767
What are the prime factors of 587115249?
3, 7, 43, 650183
What are the prime factors of 251120678?
2, 53, 2369063
List the prime factors of 40864061.
7, 43, 349, 389
List the prime factors of 81469927.
7, 11, 137, 7723
List the prime factors of 472119637.
11, 42919967
What are the prime factors of 4825945377?
3, 11, 48746923
What are the prime factors of 360982096?
2, 383, 58907
What are the prime factors of 104449317?
3, 7, 1063, 4679
List the prime factors of 153911092.
2, 3041, 12653
List the prime factors of 2166438524.
2, 41, 13209991
What are the prime factors of 905152116?
2, 3, 11, 623383
What are the prime factors of 232189260?
2, 3, 5, 727, 5323
List the prime factors of 8639901.
3, 53, 59, 307
List the prime factors of 280936302.
2, 3, 46822717
List the prime factors of 197202752.
2, 61, 50513
What are the prime factors of 35003883?
3, 479, 24359
List the prime factors of 41684189.
41684189
List the prime factors of 46261986.
2, 3, 7710331
What are the prime factors of 125036762?
2, 619, 100999
What are the prime factors of 25978864?
2, 1623679
List the prime factors of 21519972.
2, 3, 29, 6871
List the prime factors of 37643002.
2, 41, 467, 983
List the prime factors of 953054685.
3, 5, 11, 101, 1733
List the prime factors of 30513741.
3, 71, 143257
List the prime factors of 75156669.
3, 7, 523, 2281
What are the prime factors of 97365453?
3, 547, 59333
What are the prime factors of 2029132444?
2, 17, 757, 39419
List the prime factors of 559457864.
2, 7, 43, 232333
What are the prime factors of 293038005?
3, 5, 13, 1502759
What are the prime factors of 490363993?
7, 70051999
List the prime factors of 1933322224.
2, 23, 37, 107, 1327
List the prime factors of 181263759.
3, 23, 433, 6067
List the prime factors of 828649317.
3, 103, 2681713
What are the prime factors of 47375675?
5, 1895027
List the prime factors of 311812765.
5, 11, 113, 4561
List the prime factors of 1145020865.
5, 79, 1091, 2657
What are the prime factors of 53778772?
2, 103, 130531
What are the prime factors of 2615656704?
2, 3, 3405803
What are the prime factors of 472061137?
19, 24845323
List the prime factors of 26507403.
3, 13, 17, 13327
What are the prime factors of 8238249417?
3, 2746083139
What are the prime factors of 240072631?
281, 854351
What are the prime factors of 991721311?
7, 211, 671443
What are the prime factors of 82106752?
2, 7, 13,